{"id":28,"date":"2022-06-02T15:04:58","date_gmt":"2022-06-02T15:04:58","guid":{"rendered":"https:\/\/kisevi.com\/?page_id=28"},"modified":"2022-06-02T15:04:59","modified_gmt":"2022-06-02T15:04:59","slug":"iletisim","status":"publish","type":"page","link":"https:\/\/www.kisevi.com\/index.php\/iletisim\/","title":{"rendered":"\u0130leti\u015fim"},"content":{"rendered":"\n<p>Do\u011frusu bize ula\u015fmak i\u00e7in kap\u0131y\u0131 \u00e7alman\u0131z yeterli. Yolu bizim oralardan ge\u00e7en herkese bir bardak \u00e7ay veririz inanc\u0131nday\u0131z. Zaten biz bu evi dostlar\u0131m\u0131zla, arkada\u015flar\u0131m\u0131zla, tan\u0131d\u0131klar\u0131m\u0131zla, ailemizle ya\u015fayal\u0131m diye ald\u0131k. <\/p>\n\n\n\n<p>Uzaktan eri\u015fmek isterseniz <em>bilgi at kisevi.com<\/em><\/p>\n","protected":false},"excerpt":{"rendered":"<p>Do\u011frusu bize ula\u015fmak i\u00e7in kap\u0131y\u0131 \u00e7alman\u0131z yeterli. Yolu bizim oralardan ge\u00e7en herkese bir bardak \u00e7ay veririz inanc\u0131nday\u0131z. Zaten biz bu evi dostlar\u0131m\u0131zla, arkada\u015flar\u0131m\u0131zla, tan\u0131d\u0131klar\u0131m\u0131zla, ailemizle ya\u015fayal\u0131m diye ald\u0131k. Uzaktan eri\u015fmek isterseniz bilgi at kisevi.com<\/p>\n","protected":false},"author":1,"featured_media":0,"parent":0,"menu_order":0,"comment_status":"closed","ping_status":"closed","template":"","meta":{"footnotes":""},"class_list":["post-28","page","type-page","status-publish","hentry","entry"],"_links":{"self":[{"href":"https:\/\/www.kisevi.com\/index.php\/wp-json\/wp\/v2\/pages\/28","targetHints":{"allow":["GET"]}}],"collection":[{"href":"https:\/\/www.kisevi.com\/index.php\/wp-json\/wp\/v2\/pages"}],"about":[{"href":"https:\/\/www.kisevi.com\/index.php\/wp-json\/wp\/v2\/types\/page"}],"author":[{"embeddable":true,"href":"https:\/\/www.kisevi.com\/index.php\/wp-json\/wp\/v2\/users\/1"}],"replies":[{"embeddable":true,"href":"https:\/\/www.kisevi.com\/index.php\/wp-json\/wp\/v2\/comments?post=28"}],"version-history":[{"count":1,"href":"https:\/\/www.kisevi.com\/index.php\/wp-json\/wp\/v2\/pages\/28\/revisions"}],"predecessor-version":[{"id":29,"href":"https:\/\/www.kisevi.com\/index.php\/wp-json\/wp\/v2\/pages\/28\/revisions\/29"}],"wp:attachment":[{"href":"https:\/\/www.kisevi.com\/index.php\/wp-json\/wp\/v2\/media?parent=28"}],"curies":[{"name":"wp","href":"https:\/\/api.w.org\/{rel}","templated":true}]}}